et g(v) = v + 1. Let q(o) = m*g(o) + n(o). Calculate q(-1).
-4
Suppose -3*v + 7*v - 12 = 0. Let o(x) = 167*x + 7 - 4*x**v + x**2 - 169*x + 5*x**3 - 9*x**2. Determine o(8).
-9
Let q(l) = 125 + 36*l**3 - l**2 - l + 2*l**2 - 65 - 61. Determine q(-1).
-35
Let z(k) = -k + 1. Let h(q) = 4*q + 14. Let y(s) = -h(s) - 3*z(s). Suppose -957 + 245 = 89*w. Give y(w).
-9
Let t(y) = y**2 - 2*y + 1. Suppose 3*r - 22 = -3*g + 8*g, -18 = -3*r + 3*g. Calculate t(r).
9
Suppose 3*g - 3*w = 33, 0*w - 58 = -4*g - 3*w. Let j(u) = g*u + u**2 - u - 5*u + 1 - 6*u. What is j(2)?
7
Let s be 80/14 - 2/(-7). Let v(t) = -t + 2. Let h(r) = -2*r + 4. Let p(q) = s*h(q) - 11*v(q). Let k = -141 + 145. Give p(k).
-2
Let i(j) = 4*j**2 - 7*j - 17. Let v(n) = 2*n**2 - 4*n - 8. Let b(x) = 2*i(x) - 5*v(x). Determine b(5).
-14
Suppose 66*b - 805 = 317. Let z(g) = g**3 - 17*g**2 - g + 12. What is z(b)?
-5
Let o(k) be the first derivative of -k**3/6 + 5*k**2/2 + 13*k - 24. Let z(l) be the first derivative of o(l). Calculate z(5).
0
Suppose 0*x - 2*i = 2*x - 46, -4*x = -2*i - 98. Let k = x - 22. Let o(s) = -s**3 + 4*s**2 - 2*s + 2. What is o(k)?
6
Let s be 9/(-63) - (345/35 + 0). Let z(r) = r**3 + 11*r**2 + 11*r + 24. Give z(s).
14
Let k = -157 - -167. Let y(w) be the second derivative of k*w - 1/2*w**2 - 1/6*w**3 + 0. What is y(-1)?
0
Let l(a) = -9*a**3 - a**2 - 8*a - 4. Let t(g) = 11*g**3 + g**2 + 9*g + 5. Let z(p) = 6*l(p) + 5*t(p). What is z(3)?
10
Let r(s) = 5*s + 19. Let f(d) = 2*d + 6. Let v(x) = -8*f(x) + 3*r(x). Determine v(11).
-2
Let i(y) = 2*y**3 + y + 4. Let a(h) = -9*h**3 + 10*h**2 + h - 22. Let v(t) = -a(t) - 5*i(t). Give v(-9).
-25
Let f = -1153 - -1151. Let d(k) = 3*k**2 - 4*k - 3. Determine d(f).
17
Let s = -5 + 5. Let g = 6 + s. Let k(n) be the second derivative of n**3/6 - 4*n**2 - 12*n. Give k(g).
-2
Let f(j) = j**3 - 3*j**2 + 2*j + 2. Let m(i) be the first derivative of i**3 + 1/4*i**4 + 0*i**2 - 7 - 2*i. Let l be m(-2). What is f(l)?
2
Let o(s) = s**3 + 7*s**2 + 7*s + 5. Suppose 0 = 5*d + w + 17 + 5, d - 2*w = -11. Give o(d).
20
Let x(l) = -l**3 + 5*l**2 - 2*l + 5. Let o(y) = -9*y - 31. Let r be o(-4). What is x(r)?
-5
Let c(s) be the second derivative of s**3/3 + s**2 + 58*s. Give c(-6).
-10
Let g(s) = 15*s - 26 - 22 + 21*s**2 + 63. Let r(y) = 3*y**2 + 2*y + 2. Let b(j) = 2*g(j) - 15*r(j). What is b(1)?
-3
Let m be 4 + 1 + (-3 - -1). Suppose -m*j + 32 = -4*j. Let z be j/(-5) - (-2)/(-5). Let r(f) = -f. Give r(z).
-6
Let i(h) be the second derivative of -h**3/6 + 2*h**2 + 5*h + 4. Determine i(8).
-4
Let q(d) be the first derivative of -5*d**2/2 - 216. Determine q(1).
-5
Suppose -2*h + 10 - 37 = 3*l, 2*h - 5*l = -3. Let r(t) = -t**3 - 10*t**2 - 9*t - 13. Calculate r(h).
-13
Let n(q) = -10*q. Let z be (-1 - (0 + -1))/2. Suppose z*p = -p + 2. Let k be (0 - p)*1/(-2). Determine n(k).
-10
Let u = 4 + 0. Suppose 5*h + 16 = u*v, 19 = h - 5*h - 3*v. Let g(z) = -2*z + 5. Calculate g(h).
13
Let a(f) = -f**3 - 4*f**2 + 14*f + 9. Let b be 560/(-90) - 4/(-18). Let l be a(b). Let y(o) = o**2 + 2 - 6 - 3*o + 6*o + 1. Calculate y(l).
-3
Let l(d) = -d**2 + 3*d + 7. Suppose -28 = -5*n - 3. Suppose n*i - 6 = 19. Determine l(i).
-3
Let w = 151 - 140. Suppose 4*d = -4*i - d - 9, w = 4*i + d. Let l(b) = -b**3 + 5*b**2 - 6*b + 4. Calculate l(i).
-4
Let j(i) = 2*i**2 + 7*i + 10. Let k be j(-4). Let n(o) = k - 5*o + o**2 + o - 13. Let u be (5 + -6)/(1/(-4)). Calculate n(u).
1
Suppose 2*f = -6 - 4. Let n(i) = 16*i - 7. Let v(c) = -89*c + 35. Let k(l) = 11*n(l) + 2*v(l). Give k(f).
3
Let w = -39 - -45. Let g(d) = -3*d - 4. What is g(w)?
-22
Let a(n) be the second derivative of 0*n**4 - 3/2*n**2 - 3/40*n**6 + 5*n + 0*n**3 + 0 - 1/60*n**5. Let v(d) be the first derivative of a(d). Calculate v(-1).
8
Let p(b) = -b - 3. Let a be p(-8). Suppose 2 = -a*k - z, -3*z + 5 = -3*k - 7. Let l(f) = -9*f - 1. Give l(k).
8
Let s(l) = -3*l - 6. Let d(t) = -7*t - 18. Let c(g) = 3*d(g) - 8*s(g). Give c(4).
6
Suppose -l - 4*y - 20 - 5 = 0, -20 = 4*y. Let w(q) be the first derivative of -1/4*q**4 + 0*q + q**2 - 6 - 5/3*q**3. Determine w(l).
-10
Let k = -264 + 268. Let i(f) = -3*f + 1. Calculate i(k).
-11
Let j(s) = -11*s - 11. Let a(n) be the second derivative of -2*n**3/3 - 2*n**2 + 26*n. Let v(m) = -17*a(m) + 6*j(m). Suppose 3*t = 7 - 22. Determine v(t).
-8
Let h(j) = -j**2 - 1. Let t(b) = -5*b**2 + 6*b + 3. Let r(s) = -4*h(s) + t(s). Calculate r(6).
7
Suppose 0 = 3*y - 4 - 5, 3*y = r + 11. Let g be 0*r*(-4)/(-16). Let m(w) = w**3 - w**2 - w - 5. What is m(g)?
-5
Let h(l) = l**2 + 5*l + 4. Suppose 23 = -4*z - 6*x + 5*x, z + 17 = -4*x. Give h(z).
4
Let f(i) = 3*i**3 + 5*i**2 + 3*i - 4. Let d(w) = -w**3 + w**2 + w - 1. Let z(s) = 3*d(s) - f(s). Suppose 0*y = 4*j - y + 9, j - 24 = -5*y. Give z(j).
5
Let v(r) be the second derivative of -3*r**5/4 - r**4/12 + r**3/6 + r**2/2 - 289*r. Calculate v(-1).
14
Let s be (150/12 + -5)*(-12)/10. Let k(a) = -a**3 - 8*a**2 + 7*a + 5. Determine k(s).
23
Let f(q) = q**2 - 2*q + 2. Let b = 9 - -16. Suppose -g = -0*g - 5*s - 23, -4*s = -3*g + b. What is f(g)?
5
Suppose -6 = 5*f - 21. Let j = -25 + 65. Let t(x) = -3*x**2 + 18 + 23 - j + x**3. Determine t(f).
1
Let g(q) be the second derivative of -q**5/20 - q**4/3 - 2*q**3/3 + 344*q. Determine g(-3).
3
Suppose s + 4*w - 31 = 0, 3*s - 145 = -3*w + 4*w. Let l = 47 - s. Let o(n) = n - 21. What is o(l)?
-21
Let c(a) = -a**3 - 5*a**2 - 4*a + 2. Suppose -51 = -2*y - 9. Suppose 4*f + 13 = -4*j - 7, f + y = -5*j. Give c(j).
2
Suppose -v = 5*b + 2, -2*v - b - 2*b = 4. Let p(q) = 7*q. Let x(a) = -4*a + 1. Let d(y) = p(y) + x(y). Give d(v).
-5
Let r = 344 - 342. Let s(o) = -4*o**2 - 3*o + 2. Determine s(r).
-20
Let q(i) be the second derivative of -i**4/12 - 5*i**3/6 + 7*i**2/2 + 10*i. Let p = -31 - -24. Give q(p).
-7
Let i(k) be the first derivative of k**2/2 + 1. Let y(h) = 2*h**2 - 56*h + 57. Let a be y(27). Determine i(a).
3
Let h(c) = 4*c**3 - c**2 + 2*c - 1. Let o(p) = 3*p - 31. Let m be o(12). Suppose -16 + 21 = m*x. Give h(x).
4
Suppose -h + 13*r - 8*r = -5, -h - 4*r - 31 = 0. Let a(u) = u**3 + 16*u**2 + 16*u + 18. Calculate a(h).
3
Suppose 21 = 7*c - 56. Let x be 3/9 + 15/9. Let d(a) = c*a - 2*a - a + a**x - 4. Determine d(-6).
-16
Let p be (4/(-2) + 1)*1. Let j(v) = 50*v - 1 + 48*v - 94*v. Give j(p).
-5
Let f(u) = u**3 + 3*u - 2. Let m(n) = -n**2 + 10*n - 7. Let a be m(5). Suppose 2*h + 2*c = 5*h - a, -4*c - 32 = -5*h. Suppose -h = -2*w - 0. Calculate f(w).
12
Suppose 37*d = 64*d + 297. Let c(g) = g**2 + 14*g + 10. Determine c(d).
-23
Suppose 2*h - 18 = -14. Suppose -h*u - 2*u = 0. Suppose o - 4 - 1 = u. Let f(y) = -y**2 + 3*y - 7. Calculate f(o).
-17
Suppose -5*r + 39 = -2*u, 0 = -5*r + u - 3*u + 31. Let z = -3 + r. Let i(g) = -g**3 + 6*g**2 - 5*g - 4. Determine i(z).
8
Let l(n) be the second derivative of -n**3/6 - 2*n**2 - 26*n. Calculate l(6).
-10
Let m be 0 + 0 - (-54 + 13). Let c = -29 + m. Suppose -2*k = 3*u - c, -3*u + 6 = 2*k + 2*k. Let j(y) = -y**2 + 7*y - 2. Determine j(u).
4
Let c(l) = -l**3 + 4*l**2 + 3. Let a be 6*(-3)/(-108) - 34/(-12). Calculate c(a).
12
Suppose 102*b - 68 = 34*b. Let c(r) = -10*r - 4. What is c(b)?
-14
Let z(f) = 213*f - 2125. Let d be z(10). Let b(o) = -4 - 2*o + 2*o + o. What is b(d)?
1
Let k(c) = -2*c + 33. Let a be k(18). Let t(d) = 4*d + 13. Give t(a).
1
Let r(k) = -10 + 0*k**3 - k**3 + 8*k + 2*k**3 + 0 + 8*k**2. Determine r(-7).
-17
Suppose 4*g + 0*d - 1 = 3*d, -4*g - 5*d = -41. Let l(o) = -4*o**2 - 2*o + 1. Let c(m) = m**3 - m**2 + m + 1. Let w(q) = -c(q) - l(q). Determine w(g).
18
Let z(f) be the third derivative of f**6/120 - f**5/12 - f**4/12 - 4*f**3/3 - 170*f**2. Calculate z(6).
16
Let s(i) = 6*i - 12. Let z(g) = 9*g - 15. Let y(c) = 4*s(c) - 3*z(c). Calculate y(-3).
6
Let u(b) be the first derivative of 30 - 4/3*b**3 - b + 1/4*b**4 + 1/2*b**2. Let f(m) = m**2 + 4*m + 2. Let l be f(-4). Determine u(l).
-7
Let t(a) = -a**3 + 4*a**2 + 3. Let m be t(4). Let f = -1 + m. Let x(w) = -f*w + 7 + 3*w + w - 3*w. Give x(5).
2
Let t be (-14)/(1/1)*(-4)/(-8). Let g = t + 8. Let d(a) = 2*a**2 - 1. Calculate d(g).
1
Let s(p) be the first derivative of -p**3/3 + p**2/2 + 5*p - 1. Let o(a) = -1. Suppose -f = -3*f - 2. Let x(j) = f*s(j) - 4*o(j). Give x(-1).
1
Let p(u) = u**3 + 10*u**2 - 12*u - 10. Let